/3 - 4*l**3/3 + l**2. Suppose 0 = -z - 3*z, 2*m - 3*z - 12 = 0. List the prime factors of y(m).
2
Suppose 0*l - 5*b - 99 = -4*l, 0 = 2*l - b - 45. What are the prime factors of l?
3, 7
Let c(d) = d**2 + 6*d + 2. Let y be c(-6). Suppose 0 = a + 2, -a = -y*i - 2*i + 74. List the prime factors of i.
2, 3
Suppose 3*a - 316 = -5*p, 2*a + 2*p - 106 = a. What are the prime factors of a?
2, 3, 17
Suppose 4*t + 25 = 117. What are the prime factors of t?
23
Let q(t) = t**2 - t + 11. Let j be q(-8). Let c be j/(-3) - (-2)/3. What are the prime factors of (-166)/(-18) + 6/c?
3
List the prime factors of (-66)/4*(-30)/9.
5, 11
What are the prime factors of (-3076)/(-22) - (-32)/176?
2, 5, 7
Suppose 3*u = 4*k - 66, -3*u - 80 - 13 = 5*k. Let r = -8 - u. What are the prime factors of r?
2, 3
Suppose -3*s + 19 = o, 0*s - 19 = -5*o + 4*s. Suppose 23 = k + 3*v, 2*k = k + 2*v - 2. Suppose -k = -c + o. List the prime factors of c.
3, 5
Let s be -9*3/18*-2. Let j = 10 - s. Let h(m) = -m**2 + 8*m - 1. What are the prime factors of h(j)?
2, 3
Let c(h) = -h - 8. Let w be c(-6). Let z be (5 - (w - -1)) + 2. Suppose -b = -6 + 3, 0 = l - b - z. List the prime factors of l.
11
Suppose m = 6*m - 515. List the prime factors of m.
103
What are the prime factors of 186/15 - (-9)/15?
13
Let r(n) = -n - 1. Let c be r(-3). Suppose -2*h - f + 31 = 0, h + c*f - f = 16. List the prime factors of h.
3, 5
Let f(x) = x**3 - 6*x**2 + 4*x. Let c be f(5). Let h = c - -10. Suppose 0 = 4*a + h - 13. What are the prime factors of a?
2
Suppose 5*y = 4*y + q + 4, 0 = 2*q. Let h be (1/(-3))/((-7)/84). Suppose -3 - h = -y*j + k, -5*k = -j - 3. What are the prime factors of j?
2
Suppose -7*d = 5*j - 3*d - 2027, 1618 = 4*j + 2*d. What are the prime factors of j?
13, 31
Let v(r) = 5*r + 2 + 1 + r**3 + 7*r**2 - 7. Let x be v(-6). Suppose x*z = -z + 18. What are the prime factors of z?
2, 3
Suppose 4*w - 39 = 3*w. List the prime factors of w.
3, 13
Suppose 8*w - 42 = -y + 3*w, -y + 2*w = -21. What are the prime factors of y?
3
Suppose -j - 1 = 0, -5*j + 22 + 3 = 2*w. What are the prime factors of w?
3, 5
Let w = 100 + -58. List the prime factors of w.
2, 3, 7
Suppose -1404 = -4*k + 2*r, 4*r - 5 = -5*k + 1724. List the prime factors of k.
349
Let y(n) = 32*n**2 + 3*n + 3. List the prime factors of y(-2).
5
Let u be (25 - -2) + -3 + 1. Suppose -3*z + 4*s + 23 = -18, 0 = -5*z - 2*s + u. What are the prime factors of z?
7
Let s be ((2 + 2)/1)/2. Let g be 0 - s - (-1 + 6). Let l(b) = b**3 + 7*b**2 - 3*b - 10. List the prime factors of l(g).
11
Let f(z) = -z + 9. List the prime factors of f(4).
5
List the prime factors of 88/3*(27/6 - 3).
2, 11
Suppose 0 = -3*u + 4*y + 25, 3*u - 7*u + 3*y = -24. Let j(k) = 5*k - 4 + k - 2*k. What are the prime factors of j(u)?
2
Suppose -5*v + v = -4. Suppose y = -2*f + 13, -2*f - v = -f - y. List the prime factors of f.
2
Suppose 5*f - 305 - 30 = 0. List the prime factors of f.
67
Let k(h) = h**2 - 5*h + 2. Let u be k(4). List the prime factors of 11 + u*(-1)/(-2).
2, 5
Suppose 0 = -5*i - 0*o - o + 7, 2*o = 4. Suppose l = -2*g - 22, 3*g = -3*l - i - 38. Let k = 22 + g. What are the prime factors of k?
13
Let g(o) be the third derivative of -o**6/120 - o**5/12 + o**3/3 + 6*o**2. List the prime factors of g(-6).
2, 19
Let m(z) = z - 1. Let w(i) = i**2 + 5*i - 10. Let j be w(-7). Let x be m(j). Suppose -3*d = -x - 15. What are the prime factors of d?
2, 3
Let p = -51 - -108. What are the prime factors of p?
3, 19
Suppose y - 6*y + 135 = 0. Let u be (y/6)/(3/(-4)). List the prime factors of -14*(-1 + (-3)/u).
7
Let d(z) = -z**2 - 9*z - 12. Let x be d(-8). What are the prime factors of 3/(-4)*(-40 - x)?
3
Let g = -3 - -2. Let n be (g - -1) + -2 + 0. What are the prime factors of (-6)/(n/2*1)?
2, 3
Let b(r) = r + 8. Let j be b(-7). Suppose -j = 4*x - 9. Suppose -x*o - 1 = -31. What are the prime factors of o?
3, 5
Let n = -406 - -585. What are the prime factors of n?
179
Suppose m = 6*m - 2*b - 203, 0 = 4*m - b - 163. What are the prime factors of m?
41
Suppose p - 7 = 11. Let g(f) = -2*f - 6. Let a be g(-5). List the prime factors of 4/(-8) + p/a.
2
Suppose 3*i + 4*g = 30, 2 = g - 1. Suppose 2*o - 2*p + i = -6*p, -2*o = 2*p. Suppose o*s = 8 + 28. What are the prime factors of s?
2, 3
Let j(c) = c - 3. Let n be j(11). Suppose -n = -2*u - 2*u. What are the prime factors of u?
2
Let d = 127 + -73. What are the prime factors of d?
2, 3
Suppose 3*y + 26 = -4*u, 4*y - 7*u + 3*u - 12 = 0. Suppose t + 4*d - 12 = 0, d - 24 = 3*t + 5. Let r = y - t. What are the prime factors of r?
2, 3
Let j(t) = -t**2 - 5*t + 1. Let b(w) be the first derivative of -w**3/3 + w + 3. Let s be b(2). List the prime factors of j(s).
7
Let x(n) = n**3 + 4*n**2 + 6*n. Let w be x(-4). List the prime factors of (20/(-6))/(4/w).
2, 5
Let b be (-9 - -1)*(-8)/4. What are the prime factors of 10*(-1 + b/4)?
2, 3, 5
Let r be (-8)/(-3)*42/(-4). Let a = -9 - r. List the prime factors of a.
19
Let a = -5 + 8. Suppose 2*t = -a*p + 108, -4*p = -5*p + 3*t + 47. Suppose 3*o = -5*h + 26, 5*o + h = -2*h + p. List the prime factors of o.
7
Suppose 0 = -4*g - 5 + 29. List the prime factors of g/(-10) - (-39)/15.
2
Let n be (2/(-3))/((-20)/270). Suppose -3*b - n = -18. What are the prime factors of b?
3
Let s be (2/4 - 0)*2. What are the prime factors of 2 + 11 + -1 + s?
13
List the prime factors of (-2)/(2/(-75)) + -4.
71
Let y(s) = 3*s**2 - 3*s - 4. Let f be y(4). Let p = 46 - f. List the prime factors of p.
2, 7
Let n(r) = 2*r**2 + 1. Let w be (5/(-2))/((-2)/4). Let y = w - 6. List the prime factors of n(y).
3
Let x be 144/15 + (-4)/(-10). What are the prime factors of (4 - 46/x)*-45?
3
Suppose 2*x - 73 = -5*n, -2*n - 48 = -2*x - 10. Let o = 18 - 15. Suppose -o*q + 5*q = x. List the prime factors of q.
2, 3
Suppose 2*k + 10 = -5*q, 2*q = -0*k - k - 4. Let y = 6 + q. List the prime factors of y.
2
Suppose 3*k + 0*o = 4*o + 2, -5*k - 3*o = -42. Let m(p) = 2*p + 4. List the prime factors of m(k).
2
List the prime factors of ((-165)/(-35) - 3)/((-4)/(-42)).
2, 3
Let b = 0 - -18. List the prime factors of b.
2, 3
Let o = 14 - 7. Suppose c + o = 5*p + 17, -2*p = -4*c + 22. Let m = c + -2. List the prime factors of m.
3
Let l(i) = -i**3 - 7*i**2 + i. Let x be l(-4). List the prime factors of x/6*(4 - 7).
2, 13
Let c(v) = -2*v**3 - 2*v - 1. Let k be c(-1). Suppose -g - 15 = -k*i, 3*i - i - 14 = 2*g. What are the prime factors of 0 - (g/1 - -1)?
2
Let x(c) = c - 3. Let u be x(8). Let k = u + 1. What are the prime factors of k?
2, 3
Let j = 72 + -51. What are the prime factors of j?
3, 7
Let u = -11 + 34. List the prime factors of u.
23
Let p be 2 + (0 - (0 + 2)). Suppose p = q + 2*y, -q - y + 4 = -0*y. What are the prime factors of q?
2
Let v = 611 + -434. List the prime factors of v.
3, 59
Let t be 4/((-4)/1) - (-28)/2. Suppose 2*x + 2*x = -32. Let h = t + x. List the prime factors of h.
5
Let y be 2 + 4/(0 - -2). Suppose y*t + 5*j = 44, 4*t - 27 - 5 = -2*j. What are the prime factors of t?
2, 3
Let t = 284 + -132. List the prime factors of t.
2, 19
Suppose -5*c + 9*c - 32 = 0. What are the prime factors of c?
2
Let c = 14 - -28. What are the prime factors of c?
2, 3, 7
List the prime factors of (4/3)/(11/2442).
2, 37
Let v(n) = -n**2 + 7*n + 2. Let t = -4 - -11. Let r be v(t). Suppose -27 = -r*a - a. What are the prime factors of a?
3
Let n be (-2*1)/((-8)/108). Suppose 3*u + n = 4*g, g + g = 5*u + 3. What are the prime factors of g?
3
Let s(j) = j**2 + 5*j - 2. Let q be s(6). Suppose 2*d - 56 = q. List the prime factors of 6/(-9) - d/(-9).
2, 3
Let f(s) = 2*s**3 + s**2 + 2*s + 1. Let b be f(-1). Let i be (b - 0)*5/(-2). Let t(v) = v**3 - 4*v**2 - 3*v - 2. What are the prime factors of t(i)?
2
Let f be 11/3 - 2/(-6). Suppose p = s - 4*p - 23, f*s - 5*p = 32. List the prime factors of s.
3
Suppose -4*z + 3*z = -2. Suppose 0 = -z*d + 3 + 5. Suppose d*i - 22 = 14. List the prime factors of i.
3
Let c be (1 - -5) + 0 + 2. Let p(o) = -o**2 + 4*o - 1. Let m be p(3). Suppose -m*d + 12 = a - c, a + 7 = d. List the prime factors of d.
3
Let s = -4 + 52. Suppose -4*l = -s - 8. What are the prime factors of l?
2, 7
Suppose -3*p + 1 = 7. Let j be ((-1)/((-1)/p))/(-2). List the prime factors of 3 - j - (1 - 3).
2
Suppose -5 = -t - 2*j, -4*